
5
What is the value of -6 - (-6 + 1 + (-6 - -9))?
-4
-1 + 4 - (0 + (-1 - -5))
-1
Evaluate 10 + 1 + -19 + 12 + 1.
5
What is the value of (-7 - (-5 + 8)) + 8?
-2
Calculate (-9 - (0 - 4)) + 9 + 1.
5
Calculate -14 - (0 - 10) - (0 + -3).
-1
What is the value of 0 - (1 + 3) - (0 + -2)?
-2
Calculate (-1 + -3 - -9) + -1 + -1.
3
(-3 + -5 - -6) + 1 + 2
1
What is -2 - (-2 + -1 + 4)?
-3
What is -4 + (2 - -9) + -5?
2
Evaluate (-1 - -12) + 2 + -7 + -1.
5
What is the value of (2 - 4) + 7 + 1?
6
What is the value of -3 + 1 + 4 + 0?
2
Calculate (-32 - -29) + (-1 - 0).
-4
Calculate 2 + 0 - (1 + 1) - -4.
4
3 + (-10 + 3 - -7) + 0
3
Calculate -1 - 3 - -6 - (-2 - -7).
-3
Evaluate (-4 - (-5 - -2)) + 0.
-1
12 + -15 - -14 - 3
8
Evaluate -2 + -1 + (0 - (-10 - -8)).
-1
Evaluate -3 + 4 + 3 + -5 + -2.
-3
What is the value of (1 - 4 - (0 + -5)) + -6?
-4
Calculate 5 - -5 - 2 - 1.
7
What is 23 + -17 + 0 + -4 - 2?
0
What is 6 + -1 + -195 + 193?
3
What is the value of 8 - (10 - -3) - -2 - -1?
-2
Calculate -8 + 14 + -5 - -2.
3
Calculate 5 + (-7 - (2 + -6)).
2
5 - (-12 + 17 - 5)
5
Calculate 5 - ((5 - -2) + (-8 - -2)).
4
What is the value of -3 - (1 + 1 + -2)?
-3
What is the value of -50 + 36 + (5 - -1)?
-8
What is the value of -3 + -1 + (-2 + -9 - -10)?
-5
(-3 - -6) + (-2 - 1)
0
Evaluate 1 - (-9 + 14 + -3).
-1
(6 + 0 - (-38 + 35)) + -5
4
What is 4 - -3 - (2 + (1 - -1))?
3
4 - -9 - (51 + -41)
3
What is 4 - -1 - (20 + -2 + -9)?
-4
14 + -4 - (1 + 4) - 7
-2
What is 0 + 1 + (22 - 21) - 2?
0
What is (14 - 9 - -6) + -7?
4
Evaluate 4 + -4 - (0 + -3).
3
What is (19 - 7 - 9) + 4?
7
What is the value of -2 - (-3 - -6 - -3 - 6)?
-2
What is the value of -1 + 0 + (2 - 3 - -3)?
1
1 + (1 + 2 - (14 - 10))
0
What is 2 - 0 - 0 - 7?
-5
What is the value of -4 - (3 + -2) - 0 - -4?
-1
Evaluate 2 + (4 - (3 + 2)).
1
Evaluate 2 + 6 + -5 - (2 + 1).
0
-2 - (-2 + 4 + 2 - 4)
-2
Evaluate 2 + 0 - (1 + 0 - -3).
-2
Calculate 1 + 4 + -8 - (-1 - 1).
-1
0 + -1 + 3 - -3 - 0
5
Calculate 0 + 1 - 1 - (111 - 115).
4
What is 1 + 5 - ((19 - 7) + -7)?
1
2 + 2 - (3 + 4)
-3
1 + 0 + 2 + 25 + -23
5
What is -2 - (-5 + 2 + -4 + 3)?
2
Evaluate (3 + 0 - (14 - 14)) + -5.
-2
Calculate -2 - 4 - (6 + -11).
-1
Calculate 3 + 8 - 12 - -10.
9
What is -2 + (-7 + 5 - 2 - -11)?
5
What is -2 + 14 + -26 - -10?
-4
-17 + 7 + 1 + 5
-4
Evaluate 5 - (1 + 1 + 4 + -4).
3
Calculate -5 + 2 + 2 - 1.
-2
Evaluate 6 + 1 + 0 + -2.
5
What is the value of (2 - 19) + 7 + 2?
-8
What is 2 - -3 - (-1 + 5)?
1
What is the value of -4 - -3 - (4 + -1) - -6?
2
Calculate 3 + -1 + 2 + (5 - 6).
3
What is 5 - (-4 + 6 + -8 + 11)?
0
10 - (-2 + 16 - 5)
1
Evaluate -25 + 11 + 11 + (7 - 0).
4
-1 + (-1 - -5 - 7)
-4
28 + -31 + -5 + 0 + -1
-9
Calculate (6 - 2) + (1 - -1) + -13.
-7
Evaluate (-3 - -1 - 0) + (33 - 33).
-2
What is -21 + 47 + -19 - (-1 + 0)?
8
Evaluate (2 - -1) + 6 + -8 + 3.
4
Evaluate (-27 - -12 - -8) + 4.
-3
Evaluate 4 + -16 - -7 - -1.
-4
Calculate -1 - -1 - (19 + -16).
-3
What is the value of -2 + (8 - 10) - 0?
-4
(2 - (-4 - -10)) + 6
2
What is the value of 1 - 0 - -11 - (87 - 82)?
7
Calculate 6 + (0 - (-5 + 10)).
1
What is the value of -131 + 139 - (9 - -1)?
-2
Calculate -2 - (4 + (-8 - -3)) - -5.
4
Calculate 8 + -5 + (-4 - -1).
0
Evaluate -6 + 19 + -7 - 7.
-1
Calculate 0 - (-1 + (0 - (-3 - -6))).
4
(3 - (-4 - -1)) + -4
2
Evaluate -5 - -7 - 2 - -5.
5
Evaluate -4 - (-8 + 6 - -3).
-5
What is the value of -3 + 15 - 6 - (12 + -1)?
-5
What is the value of 1 + -2 + (4 + -6 - -5)?
2
Calculate (1 - (19 - 11)) + 0.
-7
What is 4 - (4 - (-2 - -4))?
2
What is the value of (-2 - (-2 + 4 + -5)) + 4?
5
What is the value of 3 - (3 - 4) - (-4 + 7)?
1
Calculate 5 + (2 - 9) - -4.
2
What is the value of 12 + -6 + -10 + 12?
8
Calculate -2 - 11 - (33 + -55).
9
2 + 8 + -49 + 39
0
Evaluate (-14 - -21 - (2 - 1)) + 3.
9
Calculate 4 + (-1 - -2) + 0.
5
-14 - (-18 - (-14 - -5))
-5
Evaluate -82 + 75 + (5 - -1).
-1
What is the value of 5 + -1 + -6 - 2?
-4
Calculate -2 + 11 + -9 + (-3 - 1).
-4
Evaluate -5 + -6 - -6 - -6.
1
Calculate 3 + -5 + 6 + -3.
1
Calculate -6 - (-1 - (0 - -2)).
-3
What is 3 + 2 - -6 - 19?
-8
-4 - (-4 - -2) - -1
-1
4 + -1 + 2 + -2
3
Evaluate (4 - 4) + -13 + 15.
2
Evaluate -7 - -4 - (3 + -10 + 1).
3
What is the value of 156 - 155 - (0 - -5)?
-4
(-4 - -2) + 12 + -9
1
Evaluate (-14 - -6) + (18 - 18).
-8
What is 3 - (-4 + 1 - -5)?
1
What is the value of -11 - (-13 - -6) - (0 + -1)?
-3
Evaluate (-4 - ((0 - -7) + -8)) + 1.
-2
(0 - 0) + -8 + 7 - -4
3
(-10 - -24) + -4 + -4
6
Calculate 1 + 1 + (1 - 4 - 0).
-1
What is 0 + 0 + (27 - 31)?
-4
Calculate -26 + 21 - (-1 - (-2 - -1)).
-5
Calculate 2 - (10 + (2 - 9)).
-1
Calculate -4 - (0 - (13 + 0 + -4)).
5
Evaluate -3 - (-7 + 6 + -2) - 0.
0
-5 - (-15 - -8 - 4)
6
Evaluate 11 + (-9 + -18 - -9).
-7
4 - (-1 + 4 - 1) - -2
4
What is the value of 7 + (4 - (-3 - -4)) + -6?
4
Calculate 16 + -18 - (0 - -2) - -9.
5
What is -231 - -221 - (1 + -12)?
1
What is 9 + ((3 - 4) + 3 - 4)?
7
-2 - (-3 + 4 + -1 + -2)
0
Evaluate -3 + 0 + 4 + 4 - 4.
1
9 - 1 - (-10 + 1 - -21)
-4
-7 + 13 + -8 + 1 + -2
-3
What is -7 + (19 - (3 - -4) - 2)?
3
Evaluate -2 + 8 + (-7 - -3).
2
What is -25 + 20 - (-2 - -2)?
-5
Evaluate (-1 - 0) + 3 - (-2 + 1).
3
(-5 + 6 - 6) + 1
-4
What is 6 + -14 + (-2 - (-3 - 6))?
-1
Evaluate 21 + -13 + -6 + 4.
6
3 + (-1 - (-1 + 3))
0
Calculate 0 + -3 + 2 + 1.
0
Evaluate 0 - ((-4 - (-4 + 0)) + -4).
4
Calculate 1 + -4 - (7 + -7) - 2.
-5
Evaluate -2 + (-4 - (-6 + -2)).
2
0 + -1 - (3 + -7 + 7)
-4
Calculate -8 - (-4 + -3 - -3) - -8.
4
-4 + -2 - (6 - 15) - 6
-3
(2 - (-1 + 4)) + 4
3
What is the value of 2 + -6 + 1 - 2?
-5
Calculate -2 - (3 - (-1 + 3)) - -2.
-1
Evaluate 0 + 4 + -5 + 3 - -2.
4
Evaluate -4 - 0 - (3 - (0 - -7)).
0
What is -2 + (7 - 12 - -12 - 2)?
3
-4 + (-6 - (1 - 6)) + -2
-7
What is -3 + 4 + 2 - 4?
-1
What is 9 - ((7 - 4) + 4 + -3)?
5
What is the value of (-8 - 1 - (9 + -3)) + 6?
-9
(-4 - -6) + (-6 - 1) + 5
0
Evaluate 8 + 0 + (5 - 1) + -8.
4
Calculate 2 + (-2 + 0 - -1).
1
What is -12 - -1 - (131 - 138)?
-4
-5 - (3 - (4 - -2))
-2
5 - ((-13 - -8) + (-2 - -7))
5
What is 6 + (-4 + 6 - 6)?
2
Calculate -2 + (1 - 1) + 0 + -1.
-3
What is the value of (-8 - -3) + 10 - 6?
-1
What is the value of 4 + (6 - 1) + -7 + -5?
-3
What is (-5 - (6 + -12)) + 0 + 7?
8
What is (5 - 2) + (14 - 16)?
1
-107 - -113 - ((9 - 2) + -1)
0
Evaluate -2 + 2 + -10 + 9 + -4.
-5
Evaluate 2 + 2 - 2 - 2.
0
What is the value of (-3 - 3) + (3 - 6) + 4?
-5
-1 + 3 + -6 + 7
3
What is the value of 3 + 4 + -1 + -1?
5
Evaluate (-11 - -1) + 3 + 3 + -1.
-5
Calculate 1 + -3 - (-33 - -31).
0
What is 2 - (-12 - (-9 + 5) - -4)?
6
What is 1 + 3 + (-4 - (-1 + -2))?
3
16 - 6 - 6 - 12
-8
-2 - ((-6 - -14) + -12)
2
5 + -6 - (1 + (4 - 10))
4
1 + -2 - (2 + 3 + -7)
1
Calculate -6 + -2 + 5 + -1 + 5.
1
Evaluate (3 + 0 - -1) + (-1 - -2).
5
6 - (9 - (1 - -2))
0
Evaluate 8 - 2 - (-33 + 40).
-1
What is the value of 2 - (4 + (0 - 4))?
2
What is 2 + 0 + 6 + -14?
-6
What is 4 + 3 + -5 + 0?
2
(2 - (-4 + 3)) + -6
-3
What is -4 - (-2 - -8 - (-4 - -16))?
2
Calculate 1 + (9 - 4) + -13.
-7
(3 - 0) + (-7 + 20 - 19)
-3
Calculate 3 + (-2 - 5) - 2.
-6
What is the value of (-70 - -78) + 0 + -10?
-2
Calculate 7 + -6 - (-20 - -13).
8
What is the value of 7 + (-1 - (3 - -3) - -7)?
7
-8 + 3 + 15 + (0 - 4)
6
What is (-1 - -5) + 6 + (0 - 4)?
6
Calculate 2 + (-2 - 6) + (17 - 4).
7
3 - (-3 + -1 + 7 + -4)
4
What is the value of 7 - 0 - (-19 + 26)?
0
(1 - 5) + 11 + -5
2
Calculate 0 + (9 - 8) + (4 - -2).
7
What is -4 + 2 + 0 - (0 + 1)?
-3
Calculate (27 - 23) + (-5 - 1).
-2
Calculate (-3 + 5 + -2 - -4) + -3.
1
Evaluate 3 - (10 - 6 - (1 - 3)).
-3
12 + -14 + 5 - (-1 + 2)
2
Evaluate (14 - 4) + -9 + 5 + 0.
6
Calculate -5 + 6 - ((0 - 2) + 8).
-5
-1 + 3 - (-5 - (0 - 5))
2
What is the value of -10 - -1 - (-12 - -8)?
-5
What is the value of -1 + 2 + (20 - 20) + 5?
6
Calculate 2 - 0 - (-14 - -11).
5
Evaluate 3 + 2 + 5 + (0 - 2).
8
What is (3 - -1) + 0 + -6?
-2
2 - (3 + -6 + (3 - 1))
3
What is the value of 4 - (1 - (-5 - -3)) - 1?
0
Evaluate 1 + -4 + (-14 + -1 - -10).
-8
Calculate -3 - -3 - (8 + 1 + -6).
-3
Evaluate -2 + (11 - (10 + -4)).
3
What is 11 + -17 + -5 + (2 - -2)?
-7
What is -3 + (-1 - -1) - (-3 - -3)?
-3
Evaluate -1 + 1 + (6 - 10 - -8).
4
Calculate 3 - (12 - (-1 + 6)).
-4
Evaluate 1 + -3 + 5 + (-5 - -6).
4
What is 0 + 2 + 16 + -18?
0
